{"id":180,"date":"2026-05-08T23:11:08","date_gmt":"2026-05-08T21:11:08","guid":{"rendered":"https:\/\/lesensdelaventure.fr\/ma-preprod\/?post_type=product&#038;p=180"},"modified":"2026-05-09T17:44:02","modified_gmt":"2026-05-09T15:44:02","slug":"langage-des-oiseaux","status":"publish","type":"product","link":"https:\/\/lesensdelaventure.fr\/ma-preprod\/produit\/langage-des-oiseaux\/","title":{"rendered":"D\u00e9cryptage du langage des oiseaux (14 juin)"},"content":{"rendered":"<p><em><strong>Le dimanche 14 Juin de 10h \u00e0 17h \u00e0 \u00ab\u00a0La Belle Verte\u00a0\u00bb, <span class=\"LrzXr kno-fv wHYlTd z8gr9e\">77820<\/span> Le Ch\u00e2telet-en-Brie<\/strong><\/em><\/p>\n<p>Une journ\u00e9e pour d\u00e9couvrir les bases de la communication universelle des oiseaux chanteurs et comment nous pouvons utiliser cette compr\u00e9hension pour observer plus d\u2019animaux sauvages. Les oiseaux sont les informateurs de la for\u00eat, apprenons \u00e0 voir avec leurs yeux et de devenir invisible pour eux.<\/p>\n<p>Partage de connaissances vieux comme l\u2019humanit\u00e9 mais tomb\u00e9 dans l\u2019oubli. Journ\u00e9e avec des temps de mise en pratique et de mise en situation par le jeu. Laissez-vous \u00e9merveiller et d\u00e9couvrez un nouveau monde. Pas besoin de connaissances naturalistes au pr\u00e9alable. Une journ\u00e9e 100% dehors. Un repas v\u00e9g\u00e9tarien \u00e0 partager sera cuisin\u00e9 sur le feu pour le midi.<\/p>\n<p>Apporter un cahier\/des feuilles, un stylo, une assiette creuse ou un bol, des couverts et un gobelet. Porter des v\u00eatements adapt\u00e9s \u00e0 la m\u00e9t\u00e9o du jour. Atelier maintenu en cas de pluie.<\/p>\n<p>Merci \u00e0 gruendercoach sur pixabay pour la photo\u00a0!<\/p>\n<p>&nbsp;<\/p>\n<p>&nbsp;<\/p>\n","protected":false},"excerpt":{"rendered":"<p>Une journ\u00e9e pour d\u00e9couvrir les bases de la communication universelle des oiseaux chanteurs et comment nous pouvons utiliser cette compr\u00e9hension pour observer plus d\u2019animaux sauvages.<\/p>\n","protected":false},"featured_media":100,"template":"","meta":{"_et_pb_use_builder":"","_et_pb_old_content":"","_et_gb_content_width":""},"product_brand":[],"product_cat":[22],"product_tag":[],"class_list":{"0":"post-180","1":"product","2":"type-product","3":"status-publish","4":"has-post-thumbnail","6":"product_cat-journee-dinitiation","8":"first","9":"instock","10":"shipping-taxable","11":"purchasable","12":"product-type-variable","13":"has-default-attributes"},"yoast_head":"<!-- This site is optimized with the Yoast SEO plugin v27.6 - https:\/\/yoast.com\/product\/yoast-seo-wordpress\/ -->\n<title>D\u00e9cryptage du langage des oiseaux (14 juin) - Le sens de l&#039;aventure<\/title>\n<meta name=\"description\" content=\"Une journ\u00e9e pour d\u00e9couvrir les bases de la communication universelle des oiseaux chanteurs et comment nous pouvons utiliser cette compr\u00e9hension pour observer plus d\u2019animaux sauvages.\" \/>\n<meta name=\"robots\" content=\"index, follow, max-snippet:-1, max-image-preview:large, max-video-preview:-1\" \/>\n<link rel=\"canonical\" href=\"https:\/\/lesensdelaventure.fr\/ma-preprod\/produit\/langage-des-oiseaux\/\" \/>\n<meta property=\"og:locale\" content=\"fr_FR\" \/>\n<meta property=\"og:type\" content=\"article\" \/>\n<meta property=\"og:title\" content=\"D\u00e9cryptage du langage des oiseaux (14 juin) - Le sens de l&#039;aventure\" \/>\n<meta property=\"og:description\" content=\"Une journ\u00e9e pour d\u00e9couvrir les bases de la communication universelle des oiseaux chanteurs et comment nous pouvons utiliser cette compr\u00e9hension pour observer plus d\u2019animaux sauvages.\" \/>\n<meta property=\"og:url\" content=\"https:\/\/lesensdelaventure.fr\/ma-preprod\/produit\/langage-des-oiseaux\/\" \/>\n<meta property=\"og:site_name\" content=\"Le sens de l&#039;aventure\" \/>\n<meta property=\"article:modified_time\" content=\"2026-05-09T15:44:02+00:00\" \/>\n<meta property=\"og:image\" content=\"https:\/\/lesensdelaventure.fr\/ma-preprod\/wp-content\/uploads\/2026\/04\/gruendercoach-robin-klein.jpg\" \/>\n\t<meta property=\"og:image:width\" content=\"900\" \/>\n\t<meta property=\"og:image:height\" content=\"900\" \/>\n\t<meta property=\"og:image:type\" content=\"image\/jpeg\" \/>\n<meta name=\"twitter:card\" content=\"summary_large_image\" \/>\n<meta name=\"twitter:label1\" content=\"Dur\u00e9e de lecture estim\u00e9e\" \/>\n\t<meta name=\"twitter:data1\" content=\"2 minutes\" \/>\n<script type=\"application\/ld+json\" class=\"yoast-schema-graph\">{\"@context\":\"https:\\\/\\\/schema.org\",\"@graph\":[{\"@type\":\"WebPage\",\"@id\":\"https:\\\/\\\/lesensdelaventure.fr\\\/ma-preprod\\\/produit\\\/langage-des-oiseaux\\\/\",\"url\":\"https:\\\/\\\/lesensdelaventure.fr\\\/ma-preprod\\\/produit\\\/langage-des-oiseaux\\\/\",\"name\":\"D\u00e9cryptage du langage des oiseaux (14 juin) - Le sens de l&#039;aventure\",\"isPartOf\":{\"@id\":\"https:\\\/\\\/lesensdelaventure.fr\\\/#website\"},\"primaryImageOfPage\":{\"@id\":\"https:\\\/\\\/lesensdelaventure.fr\\\/ma-preprod\\\/produit\\\/langage-des-oiseaux\\\/#primaryimage\"},\"image\":{\"@id\":\"https:\\\/\\\/lesensdelaventure.fr\\\/ma-preprod\\\/produit\\\/langage-des-oiseaux\\\/#primaryimage\"},\"thumbnailUrl\":\"https:\\\/\\\/lesensdelaventure.fr\\\/ma-preprod\\\/wp-content\\\/uploads\\\/2026\\\/04\\\/gruendercoach-robin-klein.jpg\",\"datePublished\":\"2026-05-08T21:11:08+00:00\",\"dateModified\":\"2026-05-09T15:44:02+00:00\",\"description\":\"Une journ\u00e9e pour d\u00e9couvrir les bases de la communication universelle des oiseaux chanteurs et comment nous pouvons utiliser cette compr\u00e9hension pour observer plus d\u2019animaux sauvages.\",\"breadcrumb\":{\"@id\":\"https:\\\/\\\/lesensdelaventure.fr\\\/ma-preprod\\\/produit\\\/langage-des-oiseaux\\\/#breadcrumb\"},\"inLanguage\":\"fr-FR\",\"potentialAction\":[{\"@type\":\"ReadAction\",\"target\":[\"https:\\\/\\\/lesensdelaventure.fr\\\/ma-preprod\\\/produit\\\/langage-des-oiseaux\\\/\"]}]},{\"@type\":\"ImageObject\",\"inLanguage\":\"fr-FR\",\"@id\":\"https:\\\/\\\/lesensdelaventure.fr\\\/ma-preprod\\\/produit\\\/langage-des-oiseaux\\\/#primaryimage\",\"url\":\"https:\\\/\\\/lesensdelaventure.fr\\\/ma-preprod\\\/wp-content\\\/uploads\\\/2026\\\/04\\\/gruendercoach-robin-klein.jpg\",\"contentUrl\":\"https:\\\/\\\/lesensdelaventure.fr\\\/ma-preprod\\\/wp-content\\\/uploads\\\/2026\\\/04\\\/gruendercoach-robin-klein.jpg\",\"width\":900,\"height\":900},{\"@type\":\"BreadcrumbList\",\"@id\":\"https:\\\/\\\/lesensdelaventure.fr\\\/ma-preprod\\\/produit\\\/langage-des-oiseaux\\\/#breadcrumb\",\"itemListElement\":[{\"@type\":\"ListItem\",\"position\":1,\"name\":\"Home\",\"item\":\"https:\\\/\\\/lesensdelaventure.fr\\\/ma-preprod\\\/\"},{\"@type\":\"ListItem\",\"position\":2,\"name\":\"R\u00e9server son stage\",\"item\":\"https:\\\/\\\/lesensdelaventure.fr\\\/ma-preprod\\\/reservations\\\/\"},{\"@type\":\"ListItem\",\"position\":3,\"name\":\"D\u00e9cryptage du langage des oiseaux (14 juin)\"}]},{\"@type\":\"WebSite\",\"@id\":\"https:\\\/\\\/lesensdelaventure.fr\\\/#website\",\"url\":\"https:\\\/\\\/lesensdelaventure.fr\\\/\",\"name\":\"Le sens de l&#039;aventure\",\"description\":\"Explore la nature et connais toi toi-m\u00eame\",\"potentialAction\":[{\"@type\":\"SearchAction\",\"target\":{\"@type\":\"EntryPoint\",\"urlTemplate\":\"https:\\\/\\\/lesensdelaventure.fr\\\/?s={search_term_string}\"},\"query-input\":{\"@type\":\"PropertyValueSpecification\",\"valueRequired\":true,\"valueName\":\"search_term_string\"}}],\"inLanguage\":\"fr-FR\"}]}<\/script>\n<!-- \/ Yoast SEO plugin. -->","yoast_head_json":{"title":"D\u00e9cryptage du langage des oiseaux (14 juin) - Le sens de l&#039;aventure","description":"Une journ\u00e9e pour d\u00e9couvrir les bases de la communication universelle des oiseaux chanteurs et comment nous pouvons utiliser cette compr\u00e9hension pour observer plus d\u2019animaux sauvages.","robots":{"index":"index","follow":"follow","max-snippet":"max-snippet:-1","max-image-preview":"max-image-preview:large","max-video-preview":"max-video-preview:-1"},"canonical":"https:\/\/lesensdelaventure.fr\/ma-preprod\/produit\/langage-des-oiseaux\/","og_locale":"fr_FR","og_type":"article","og_title":"D\u00e9cryptage du langage des oiseaux (14 juin) - Le sens de l&#039;aventure","og_description":"Une journ\u00e9e pour d\u00e9couvrir les bases de la communication universelle des oiseaux chanteurs et comment nous pouvons utiliser cette compr\u00e9hension pour observer plus d\u2019animaux sauvages.","og_url":"https:\/\/lesensdelaventure.fr\/ma-preprod\/produit\/langage-des-oiseaux\/","og_site_name":"Le sens de l&#039;aventure","article_modified_time":"2026-05-09T15:44:02+00:00","og_image":[{"width":900,"height":900,"url":"https:\/\/lesensdelaventure.fr\/ma-preprod\/wp-content\/uploads\/2026\/04\/gruendercoach-robin-klein.jpg","type":"image\/jpeg"}],"twitter_card":"summary_large_image","twitter_misc":{"Dur\u00e9e de lecture estim\u00e9e":"2 minutes"},"schema":{"@context":"https:\/\/schema.org","@graph":[{"@type":"WebPage","@id":"https:\/\/lesensdelaventure.fr\/ma-preprod\/produit\/langage-des-oiseaux\/","url":"https:\/\/lesensdelaventure.fr\/ma-preprod\/produit\/langage-des-oiseaux\/","name":"D\u00e9cryptage du langage des oiseaux (14 juin) - Le sens de l&#039;aventure","isPartOf":{"@id":"https:\/\/lesensdelaventure.fr\/#website"},"primaryImageOfPage":{"@id":"https:\/\/lesensdelaventure.fr\/ma-preprod\/produit\/langage-des-oiseaux\/#primaryimage"},"image":{"@id":"https:\/\/lesensdelaventure.fr\/ma-preprod\/produit\/langage-des-oiseaux\/#primaryimage"},"thumbnailUrl":"https:\/\/lesensdelaventure.fr\/ma-preprod\/wp-content\/uploads\/2026\/04\/gruendercoach-robin-klein.jpg","datePublished":"2026-05-08T21:11:08+00:00","dateModified":"2026-05-09T15:44:02+00:00","description":"Une journ\u00e9e pour d\u00e9couvrir les bases de la communication universelle des oiseaux chanteurs et comment nous pouvons utiliser cette compr\u00e9hension pour observer plus d\u2019animaux sauvages.","breadcrumb":{"@id":"https:\/\/lesensdelaventure.fr\/ma-preprod\/produit\/langage-des-oiseaux\/#breadcrumb"},"inLanguage":"fr-FR","potentialAction":[{"@type":"ReadAction","target":["https:\/\/lesensdelaventure.fr\/ma-preprod\/produit\/langage-des-oiseaux\/"]}]},{"@type":"ImageObject","inLanguage":"fr-FR","@id":"https:\/\/lesensdelaventure.fr\/ma-preprod\/produit\/langage-des-oiseaux\/#primaryimage","url":"https:\/\/lesensdelaventure.fr\/ma-preprod\/wp-content\/uploads\/2026\/04\/gruendercoach-robin-klein.jpg","contentUrl":"https:\/\/lesensdelaventure.fr\/ma-preprod\/wp-content\/uploads\/2026\/04\/gruendercoach-robin-klein.jpg","width":900,"height":900},{"@type":"BreadcrumbList","@id":"https:\/\/lesensdelaventure.fr\/ma-preprod\/produit\/langage-des-oiseaux\/#breadcrumb","itemListElement":[{"@type":"ListItem","position":1,"name":"Home","item":"https:\/\/lesensdelaventure.fr\/ma-preprod\/"},{"@type":"ListItem","position":2,"name":"R\u00e9server son stage","item":"https:\/\/lesensdelaventure.fr\/ma-preprod\/reservations\/"},{"@type":"ListItem","position":3,"name":"D\u00e9cryptage du langage des oiseaux (14 juin)"}]},{"@type":"WebSite","@id":"https:\/\/lesensdelaventure.fr\/#website","url":"https:\/\/lesensdelaventure.fr\/","name":"Le sens de l&#039;aventure","description":"Explore la nature et connais toi toi-m\u00eame","potentialAction":[{"@type":"SearchAction","target":{"@type":"EntryPoint","urlTemplate":"https:\/\/lesensdelaventure.fr\/?s={search_term_string}"},"query-input":{"@type":"PropertyValueSpecification","valueRequired":true,"valueName":"search_term_string"}}],"inLanguage":"fr-FR"}]}},"_links":{"self":[{"href":"https:\/\/lesensdelaventure.fr\/ma-preprod\/wp-json\/wp\/v2\/product\/180","targetHints":{"allow":["GET"]}}],"collection":[{"href":"https:\/\/lesensdelaventure.fr\/ma-preprod\/wp-json\/wp\/v2\/product"}],"about":[{"href":"https:\/\/lesensdelaventure.fr\/ma-preprod\/wp-json\/wp\/v2\/types\/product"}],"wp:featuredmedia":[{"embeddable":true,"href":"https:\/\/lesensdelaventure.fr\/ma-preprod\/wp-json\/wp\/v2\/media\/100"}],"wp:attachment":[{"href":"https:\/\/lesensdelaventure.fr\/ma-preprod\/wp-json\/wp\/v2\/media?parent=180"}],"wp:term":[{"taxonomy":"product_brand","embeddable":true,"href":"https:\/\/lesensdelaventure.fr\/ma-preprod\/wp-json\/wp\/v2\/product_brand?post=180"},{"taxonomy":"product_cat","embeddable":true,"href":"https:\/\/lesensdelaventure.fr\/ma-preprod\/wp-json\/wp\/v2\/product_cat?post=180"},{"taxonomy":"product_tag","embeddable":true,"href":"https:\/\/lesensdelaventure.fr\/ma-preprod\/wp-json\/wp\/v2\/product_tag?post=180"}],"curies":[{"name":"wp","href":"https:\/\/api.w.org\/{rel}","templated":true}]}}